What is the highest common divisor of 75 and a?
15
Let d be 18/3 - (-5 - -4)*7. Calculate the greatest common factor of 169 and d.
13
Let x(i) be the third derivative of -4*i**2 - 1/6*i**3 + 0 - 1/24*i**4 + 0*i. Let s be x(-5). Calculate the highest common factor of 28 and s.
4
Let i(s) = 12*s**2 - 3*s - 4. Let o be i(-2). Suppose 31 = k + j, 5*k - 2*j - 140 - o = 0. What is the greatest common divisor of 180 and k?
36
Let n be 7*-3*(-48)/28. Let y = -188 + 296. Suppose y = b + b. Calculate the greatest common divisor of b and n.
18
Suppose 3*n + 109 = 13. Let l = n - -62. Calculate the highest common factor of l and 6.
6
Suppose -2*w + 5 = -5*v - 7, -3*v = -4*w + 38. Calculate the highest common divisor of 88 and w.
11
Let y(l) = 11*l - 14. Suppose -2*a = -a - 10. Let t be y(a). Calculate the greatest common divisor of 12 and t.
12
Let i be -4 - (1 - (2 - 2)). Let b be 5 + i - (-3 - 1). Suppose -b + 0 = -4*v. What is the highest common factor of v and 6?
1
Let k = -348 - -487. Suppose 3*p = 5*p - 3*z - k, -2*p - 4*z = -174. Let h = 5738 + -5731. What is the highest common divisor of h and p?
7
Let a = 15 - 4. Let m(g) = -5*g + 349. Let s be m(61). Calculate the highest common divisor of a and s.
11
Let d be (-4)/(-16)*6*(643 - -3). Calculate the highest common factor of d and 19.
19
Let v(k) = k**3 + 18*k**2 - 43*k - 40. Let b be v(-20). What is the highest common divisor of 70 and b?
10
Let l(a) = -a**3 - 11*a**2 - a + 7. Let b be l(-11). Suppose 0 = 10*q - 8*q - 4. Calculate the greatest common divisor of q and b.
2
Let h = 295 - 199. Calculate the highest common factor of h and 144.
48
Let q = -23 + 12. Let b be -5*q/((-110)/(-12)). Calculate the greatest common factor of b and 6.
6
Let r be ((-31)/(-4) - 7)/(1/4). Let o(g) = 2*g - 2. Let f be o(2). What is the greatest common divisor of f and r?
1
Let a = -2 - -5. Let z be 18/(-7)*(-14)/a. Suppose 0 = 2*c - 12*c + 1080. What is the greatest common factor of c and z?
12
Let a = -72 + 147. What is the greatest common divisor of 15 and a?
15
Suppose 0 = -2*f - 3*f + 95. Let h = f - 8. What is the highest common factor of h and 121?
11
Let d be 12/66 + 2562/66. Calculate the greatest common divisor of d and 247.
13
Suppose 0 = 4*l - 26 - 58. Let c be -5 + l - (2 + -1). Calculate the highest common factor of 135 and c.
15
Suppose 188 = 4*h + 64. Suppose -4*i + 13 = -h. Let b(w) = w**2 - 8*w - 11. Let n be b(-3). What is the greatest common divisor of n and i?
11
Suppose 0 = -5*d - 20, 0 = -4*q - d - d + 8. Let i be (-9)/(36/(-104)) + q. What is the greatest common divisor of i and 70?
10
Let x = -1 - 16. Let g = x - 17. Let a be 1*-1 - (g - 3). Calculate the greatest common factor of a and 54.
18
Suppose -c + 7*d - 2 = 12*d, -5*c - d = -110. What is the highest common factor of c and 92?
23
Suppose 8*n - 344 = 384. Suppose 9 = 5*f - n. Calculate the highest common factor of f and 30.
10
Suppose -3*x = 2*s + 3*s + 9794, -2*x = -s + 6538. Let d = -92 + 56. Let r be x/d - (-2)/9. What is the highest common divisor of 13 and r?
13
Suppose 7*y = 4*y + 96. Let s = 1 + y. What is the highest common factor of s and 33?
33
Suppose -5*d = r - 233, -3*d + 2*r - 90 = -5*d. Suppose -2*n = p - 235, 2*p + 5*n - 470 = 7*n. Calculate the highest common divisor of p and d.
47
Let h = 123 - 74. Let o = h + -7. Let m be -35*(-3 + (-33)/(-15)). What is the highest common divisor of m and o?
14
Let m(t) = t**3 + 8*t**2 + 2*t - 11. Let z be m(-6). What is the highest common factor of z and 14?
7
Let n(l) = 15*l**2 + 41*l - 78. Let f be n(2). What is the highest common factor of 368 and f?
16
Suppose -2318 = -15*t - 23*t. Calculate the highest common divisor of t and 1.
1
Suppose -3*t - 22*r = -18*r - 2703, -2688 = -3*t + r. Calculate the highest common factor of t and 69.
69
Let f be 320/6*-2*126/(-56). What is the highest common factor of f and 80?
80
Let j = 8 + 121. Calculate the greatest common divisor of j and 43.
43
Suppose 45*x = 12*x + 8415. Calculate the highest common divisor of 153 and x.
51
Suppose -t - 89 = -3*t + w, w - 1 = 0. Let n = -27 + t. Calculate the greatest common factor of 72 and n.
18
Let p be (-51)/85*(-6 + (2 - 1)). Calculate the highest common factor of p and 13.
1
Let z be -18*5/20*(-4 - 0). What is the highest common factor of 6 and z?
6
Suppose -2*o = -3*x + 3*o + 8856, 4*o + 5902 = 2*x. Suppose -9*m = -x + 680. What is the highest common divisor of m and 23?
23
Suppose -4*c - 5*v = -222 - 623, 5*v - 215 = -c. Suppose 0 = -h - 4*h + 75. Calculate the greatest common divisor of h and c.
15
Let l be 31/1 - 0/1. Suppose l*k - 27*k - 36 = 0. Suppose 5*h - 261 = 144. Calculate the highest common factor of k and h.
9
Let g(p) = 11*p + 8. Let k be g(5). Let q = -11 - -20. What is the highest common factor of q and k?
9
Suppose -n = -7 - 1. Suppose 2*s - u = u + n, -3 = -3*u. Let q be 766/22 + (-4)/(-22). Calculate the greatest common factor of q and s.
5
Suppose -x + 15 = 4*x. Let s be 14/x + (-4)/(-12). Suppose 3 - 2 = -4*z + 3*f, -4*z = -2*f - 2. Calculate the greatest common factor of z and s.
1
Let p(r) be the first derivative of 4*r**2 - 1/3*r**3 + 7 + r. Let l be p(8). What is the highest common divisor of 2 and l?
1
Let u = -119 - -200. Suppose -60 = -5*z - 5*p, -2*z + 3*p = -z. What is the highest common factor of z and u?
9
Suppose -y + 221 = 3*t, 3*t - 2*y - 159 - 47 = 0. Let f = 3 - -45. Suppose 0*w = w - f. Calculate the greatest common divisor of t and w.
24
Let m be ((-3)/6)/(2/(-4)). Let n = m - -17. Let j = n + -13. Calculate the greatest common divisor of 20 and j.
5
Suppose 4*r - 475 = n, -4*r + 4*n = -n - 455. What is the greatest common divisor of r and 40?
40
Suppose g + 400 = 5*y, 0 = -4*g + 8 + 12. Calculate the highest common factor of y and 891.
81
Let v be ((-6)/3 - 1)/(-3). Suppose -3*l = 5*p, 4*p + l + l = 0. Let t be (-5 + 14)/(v + p). Calculate the greatest common divisor of 72 and t.
9
Let t be (-102)/3*(-4)/(-5 + -3). Let b(q) = q**2 + 19*q + 54. Let k be b(t). What is the greatest common factor of 90 and k?
10
Let q = -40 - -5. Let s = 9 - q. What is the highest common factor of s and 4?
4
Let k be (-3 + 1)/((-56)/12 + 4). Let l = -97 - -154. Suppose -u - 4*o = -3, 2*u = -u + 4*o + l. What is the highest common factor of k and u?
3
Suppose -5*g = 4*b - 29, 0 = -2*b + g - 5 + 16. What is the greatest common factor of 32 and b?
2
Let j(m) = 3*m**3 + 2*m**2 - 2*m + 1. Let q be j(1). Suppose q*p - 5*k = -4*k + 1584, 0 = 4*k. What is the highest common factor of p and 36?
36
Let n(q) = -20*q - 110. Let h be n(-19). What is the highest common divisor of 30 and h?
30
Let g be 6/(-1)*(-3)/4*2. Calculate the highest common factor of g and 117.
9
Let h = -56 - -59. Suppose -5*n = -0*f + 3*f - 109, -h*n = -4*f + 155. Calculate the highest common factor of 38 and f.
38
Let b = -13 + 17. Suppose b*d + 2*d = 30. Suppose 0 = -3*u + 2*h + 127, -u - 123 = -4*u + 3*h. Calculate the highest common divisor of d and u.
5
Suppose -z - 5*v = -3*z + 26, -3*z + v + 52 = 0. Suppose z*m - 180 = 14*m. Calculate the greatest common divisor of m and 5.
5
Suppose -20*x + 39 = -7*x. Let g(f) = 3*f**2 - f - 8. Let l be g(x). Suppose -5*c - 61 = -381. Calculate the greatest common divisor of l and c.
16
Suppose -2138*u - 204 = -2144*u. Calculate the greatest common factor of 782 and u.
34
Suppose -4*v = -3*v - 2. Let b be -182*(-5 + 2 + v). Calculate the greatest common divisor of 26 and b.
26
Let g be (52/6)/(2/3). Let v(o) = 10*o**2 - 8*o + 27. Let t be v(8). Suppose -5*x + t = 83. Calculate the greatest common factor of g and x.
13
Suppose -55 = f - 4*f - 4*b, -4*f + 68 = 4*b. Suppose 219 + 93 = 6*x. What is the greatest common factor of f and x?
13
Let c(s) = 6*s**3 - 4*s**2 - 4*s - 3. Let t be c(2). Calculate the highest common divisor of t and 483.
21
Let w(t) = 9*t**2 - 2*t. Let r be w(2). Suppose 4*q - 2*b - 26 = 0, -8 - 12 = 4*b. What is the highest common divisor of q and r?
4
Suppose 1022 = i - 10*w, -4*w = -2 - 14. What is the greatest common factor of i and 18?
18
Let h(w) = 18*w**2 - 458*w + 16. Let f be h(26). What is the greatest common factor of 96 and f?
12
Suppose -26 = -3*m - 14. Suppose 4*s = 3*a + 129, -4*a = m*s + a - 105. Calculate the greatest common divisor of s 